8
What is the remainder when 71977 is divided by 610?
607
Calculate the remainder when 17132 is divided by 63.
59
What is the remainder when 102057 is divided by 52?
33
Calculate the remainder when 1033 is divided by 321.
70
What is the remainder when 194576 is divided by 298?
280
What is the remainder when 638863 is divided by 5?
3
What is the remainder when 2593 is divided by 1131?
331
Calculate the remainder when 19539 is divided by 289.
176
Calculate the remainder when 7637 is divided by 476.
21
Calculate the remainder when 461576 is divided by 159.
158
Calculate the remainder when 427831 is divided by 160.
151
What is the remainder when 126844 is divided by 87?
85
Calculate the remainder when 231407 is divided by 779.
44
Calculate the remainder when 311430 is divided by 22.
20
Calculate the remainder when 3995 is divided by 446.
427
Calculate the remainder when 6570 is divided by 182.
18
What is the remainder when 23380 is divided by 2366?
2086
Calculate the remainder when 22987 is divided by 116.
19
Calculate the remainder when 18225 is divided by 2825.
1275
Calculate the remainder when 2923 is divided by 159.
61
Calculate the remainder when 98363 is divided by 643.
627
Calculate the remainder when 107918 is divided by 53955.
8
Calculate the remainder when 13237 is divided by 145.
42
What is the remainder when 26057 is divided by 94?
19
Calculate the remainder when 23505 is divided by 135.
15
What is the remainder when 5188 is divided by 2543?
102
Calculate the remainder when 1029514 is divided by 205.
4
Calculate the remainder when 1052 is divided by 193.
87
What is the remainder when 11378 is divided by 49?
10
What is the remainder when 32677 is divided by 38?
35
What is the remainder when 20995 is divided by 391?
272
What is the remainder when 7197 is divided by 874?
205
What is the remainder when 1716 is divided by 31?
11
Calculate the remainder when 1187 is divided by 175.
137
Calculate the remainder when 14705 is divided by 79.
11
Calculate the remainder when 33615 is divided by 421.
356
Calculate the remainder when 2037352 is divided by 12.
4
What is the remainder when 27087 is divided by 644?
39
Calculate the remainder when 2049 is divided by 306.
213
Calculate the remainder when 2732 is divided by 19.
15
Calculate the remainder when 22227 is divided by 90.
87
What is the remainder when 2851 is divided by 704?
35
What is the remainder when 775 is divided by 47?
23
What is the remainder when 857 is divided by 100?
57
Calculate the remainder when 6026 is divided by 986.
110
What is the remainder when 63629 is divided by 16?
13
What is the remainder when 550497 is divided by 29?
19
Calculate the remainder when 25376 is divided by 267.
11
Calculate the remainder when 79710 is divided by 438.
432
Calculate the remainder when 1566 is divided by 301.
61
Calculate the remainder when 7892 is divided by 7.
3
What is the remainder when 132761 is divided by 244?
25
Calculate the remainder when 4152 is divided by 1469.
1214
Calculate the remainder when 20538 is divided by 23.
22
What is the remainder when 2469 is divided by 1272?
1197
What is the remainder when 1717270 is divided by 2074?
2072
Calculate the remainder when 6778 is divided by 123.
13
What is the remainder when 31082 is divided by 227?
210
Calculate the remainder when 63555 is divided by 31756.
43
Calculate the remainder when 1954 is divided by 111.
67
Calculate the remainder when 86986 is divided by 56.
18
What is the remainder when 48586 is divided by 48518?
68
Calculate the remainder when 3481 is divided by 880.
841
What is the remainder when 4110 is divided by 235?
115
What is the remainder when 2826 is divided by 355?
341
Calculate the remainder when 598 is divided by 73.
14
What is the remainder when 188748 is divided by 5?
3
What is the remainder when 13589 is divided by 2263?
11
Calculate the remainder when 6633 is divided by 20.
13
What is the remainder when 35437 is divided by 185?
102
Calculate the remainder when 5617 is divided by 38.
31
What is the remainder when 13016 is divided by 4048?
872
What is the remainder when 8506 is divided by 1699?
11
Calculate the remainder when 17541 is divided by 142.
75
Calculate the remainder when 33583 is divided by 8393.
11
Calculate the remainder when 19226 is divided by 288.
218
What is the remainder when 2083 is divided by 675?
58
Calculate the remainder when 2666228 is divided by 35.
33
What is the remainder when 10236 is divided by 9489?
747
What is the remainder when 62500 is divided by 11?
9
What is the remainder when 11170 is divided by 14?
12
What is the remainder when 67464 is divided by 4497?
9
Calculate the remainder when 198139 is divided by 26.
19
Calculate the remainder when 3923 is divided by 90.
53
What is the remainder when 611 is divided by 27?
17
Calculate the remainder when 27008 is divided by 482.
16
Calculate the remainder when 868839 is divided by 141.
138
What is the remainder when 40299 is divided by 272?
43
What is the remainder when 56815 is divided by 87?
4
What is the remainder when 566 is divided by 269?
28
Calculate the remainder when 9428 is divided by 43.
11
What is the remainder when 16496 is divided by 83?
62
Calculate the remainder when 25330 is divided by 362.
352
Calculate the remainder when 5541 is divided by 66.
63
Calculate the remainder when 2775630 is divided by 21.
18
What is the remainder when 102699 is divided by 51349?
1
What is the remainder when 5178 is divided by 1148?
586
What is the remainder when 269324 is divided by 268?
252
What is the remainder when 479247 is divided by 34?
17
What is the remainder when 20982 is divided by 5238?
30
What is the remainder when 5673 is divided by 4990?
683
What is the remainder when 752107 is divided by 125350?
7
Calculate the remainder when 696462 is divided by 469.
466
Calculate the remainder when 319419 is divided by 383.
380
Calculate the remainder when 71995 is divided by 829.
701
What is the remainder when 22994 is divided by 4598?
4
Calculate the remainder when 537 is divided by 55.
42
Calculate the remainder when 906094 is divided by 23233.
7
What is the remainder when 211921 is divided by 946?
17
What is the remainder when 706366 is divided by 11?
1
Calculate the remainder when 118272 is divided by 123.
69
What is the remainder when 41881 is divided by 78?
73
Calculate the remainder when 175577 is divided by 58525.
2
Calculate the remainder when 123315 is divided by 197.
190
What is the remainder when 911215 is divided by 427?
424
Calculate the remainder when 7445 is divided by 2398.
251
What is the remainder when 111615 is divided by 305?
290
What is the remainder when 37040 is divided by 169?
29
Calculate the remainder when 268744 is divided by 2116.
12
What is the remainder when 51207 is divided by 69?
9
Calculate the remainder when 6733 is divided by 561.
1
What is the remainder when 6080548 is divided by 19?
16
What is the remainder when 95218 is divided by 180?
178
What is the remainder when 208997 is divided by 55?
52
What is the remainder when 6807 is divided by 1304?
287
Calculate the remainder when 36808 is divided by 45.
43
What is the remainder when 246506 is divided by 20?
6
Calculate the remainder when 12513 is divided by 119.
18
Calculate the remainder when 292 is divided by 274.
18
Calculate the remainder when 4422 is divided by 104.
54
What is the remainder when 1375383 is divided by 49?
2
What is the remainder when 124740 is divided by 17820?
0
Calculate the remainder when 75297 is divided by 75274.
23
What is the remainder when 1157 is divided by 1146?
11
Calculate the remainder when 15559 is divided by 3884.
23
Calculate the remainder when 708405 is divided by 131.
88
Calculate the remainder when 10001 is divided by 279.
236
Calculate the remainder when 1996 is divided by 983.
30
Calculate the remainder when 6676 is divided by 2289.
2098
Calculate the remainder when 122317 is divided by 5317.
26
What is the remainder when 16121 is divided by 112?
105
Calculate the remainder when 21646 is divided by 21151.
495
What is the remainder when 985 is divided by 959?
26
Calculate the remainder when 548810 is divided by 15680.
10
What is the remainder when 84010 is divided by 9333?
13
Calculate the remainder when 37825 i